{"id":268,"date":"2025-03-10T11:03:26","date_gmt":"2025-03-10T10:03:26","guid":{"rendered":"http:\/\/localhost:8888\/?page_id=268"},"modified":"2025-03-10T13:30:18","modified_gmt":"2025-03-10T12:30:18","slug":"credits","status":"publish","type":"page","link":"http:\/\/www.gip-ecofor.org\/cartofora\/credits\/","title":{"rendered":"Cr\u00e9dits"},"content":{"rendered":"\n<h1 class=\"wp-block-heading\">Cr\u00e9dits<\/h1>\n\n\n\n<h2 class=\"wp-block-heading\">Conception &amp; R\u00e9alisation<\/h2>\n\n\n\n<p><strong>Wilfried HEINTZ<\/strong>&nbsp;&#8211; GIP Ecofor \/ INRA<\/p>\n\n\n\n<h2 class=\"wp-block-heading\">Coordination<\/h2>\n\n\n\n<p><strong>Guy LANDMANN<\/strong>&nbsp;&#8211; GIP Ecofor<\/p>\n\n\n\n<h2 class=\"wp-block-heading\">Contenu R\u00e9dactionnel<\/h2>\n\n\n\n<p><strong>Laurent BERGES<\/strong>&nbsp;&#8211; IRSTEA<\/p>\n\n\n\n<p><strong>J\u00e9r\u00f4me BURIDANT<\/strong>&nbsp;&#8211; Universit\u00e9 de Picardie<\/p>\n\n\n\n<p><strong>Guillaume DECOCQ<\/strong>&nbsp;&#8211; Universit\u00e9 de Picardie<\/p>\n\n\n\n<p><strong>Jean-Luc DUPOUEY<\/strong>&nbsp;&#8211; INRA<\/p>\n\n\n\n<p><strong>Emilie GALLET-MORON<\/strong>&nbsp;&#8211; Universit\u00e9 de Picardie<\/p>\n\n\n\n<p><strong>Alain GERVAISE<\/strong>&nbsp;&#8211; IGN<\/p>\n\n\n\n<p><strong>Nathalie LEROY<\/strong>&nbsp;&#8211; INRA<\/p>\n","protected":false},"excerpt":{"rendered":"<p>Cr\u00e9dits Conception &amp; R\u00e9alisation Wilfried HEINTZ&nbsp;&#8211; GIP Ecofor \/ INRA Coordination Guy LANDMANN&nbsp;&#8211; GIP Ecofor Contenu R\u00e9dactionnel Laurent BERGES&nbsp;&#8211; IRSTEA J\u00e9r\u00f4me BURIDANT&nbsp;&#8211; Universit\u00e9 de Picardie Guillaume DECOCQ&nbsp;&#8211; Universit\u00e9 de Picardie Jean-Luc DUPOUEY&nbsp;&#8211; INRA Emilie GALLET-MORON&nbsp;&#8211; Universit\u00e9 de Picardie Alain GERVAISE&nbsp;&#8211; IGN Nathalie LEROY&nbsp;&#8211; INRA<\/p>\n","protected":false},"author":1,"featured_media":0,"parent":0,"menu_order":0,"comment_status":"closed","ping_status":"closed","template":"","meta":{"footnotes":""},"class_list":["post-268","page","type-page","status-publish","hentry"],"_links":{"self":[{"href":"http:\/\/www.gip-ecofor.org\/cartofora\/wp-json\/wp\/v2\/pages\/268","targetHints":{"allow":["GET"]}}],"collection":[{"href":"http:\/\/www.gip-ecofor.org\/cartofora\/wp-json\/wp\/v2\/pages"}],"about":[{"href":"http:\/\/www.gip-ecofor.org\/cartofora\/wp-json\/wp\/v2\/types\/page"}],"author":[{"embeddable":true,"href":"http:\/\/www.gip-ecofor.org\/cartofora\/wp-json\/wp\/v2\/users\/1"}],"replies":[{"embeddable":true,"href":"http:\/\/www.gip-ecofor.org\/cartofora\/wp-json\/wp\/v2\/comments?post=268"}],"version-history":[{"count":2,"href":"http:\/\/www.gip-ecofor.org\/cartofora\/wp-json\/wp\/v2\/pages\/268\/revisions"}],"predecessor-version":[{"id":295,"href":"http:\/\/www.gip-ecofor.org\/cartofora\/wp-json\/wp\/v2\/pages\/268\/revisions\/295"}],"wp:attachment":[{"href":"http:\/\/www.gip-ecofor.org\/cartofora\/wp-json\/wp\/v2\/media?parent=268"}],"curies":[{"name":"wp","href":"https:\/\/api.w.org\/{rel}","templated":true}]}}