{"id":7,"date":"2025-03-07T19:25:04","date_gmt":"2025-03-07T18:25:04","guid":{"rendered":"http:\/\/localhost:8888\/?page_id=7"},"modified":"2025-03-10T13:13:58","modified_gmt":"2025-03-10T12:13:58","slug":"contexte-et-enjeux","status":"publish","type":"page","link":"http:\/\/www.gip-ecofor.org\/cartofora\/contexte-et-enjeux\/","title":{"rendered":"Contexte et Enjeux"},"content":{"rendered":"\n<h1 class=\"wp-block-heading\">Le projet Cartofora<\/h1>\n\n\n\n<h2 class=\"wp-block-heading\">Contexte et enjeux<\/h2>\n\n\n\n<p>Les recherches men\u00e9es depuis une trentaine d\u2019ann\u00e9es ont montr\u00e9 que l\u2019anciennet\u00e9 de l\u2019\u00e9tat bois\u00e9 est un \u00e9l\u00e9ment cl\u00e9 non seulement de la r\u00e9partition actuelle des esp\u00e8ces mais \u00e9galement du fonctionnement des \u00e9cosyst\u00e8mes forestiers. La m\u00e9moire des \u00e9cosyst\u00e8mes s\u2019explique par les modifications des sols induites par les usages agricoles et par la lenteur de la dispersion des esp\u00e8ces depuis les for\u00eats anciennes vers les for\u00eats r\u00e9centes. On distingue ainsi les for\u00eats \u00ab&nbsp;anciennes&nbsp;\u00bb qui \u00e9taient pr\u00e9sentes sur une carte \u00e0 une date donn\u00e9e (en g\u00e9n\u00e9ral au moins 150 ans), et les for\u00eats \u00ab&nbsp;r\u00e9centes&nbsp;\u00bb, apparues depuis cette date&nbsp;; les termes \u00ab&nbsp;ancien&nbsp;\u00bb ou \u00ab&nbsp;jeune&nbsp;\u00bb se r\u00e9f\u00e8rent donc \u00e0 l\u2019anciennet\u00e9 de l\u2019\u00e9tat bois\u00e9 et non \u00e0 l\u2019\u00e2ge des peuplements forestiers.<\/p>\n\n\n\n<p>Depuis peu, l\u2019int\u00e9r\u00eat pour les occupations anciennes du sol s\u2019est \u00e9largi aux prairies anciennes afin de mieux appr\u00e9hender leur disparition au profit des cultures de labour, ou encore aux zones de vignoble et au b\u00e2ti. Ainsi, l\u2019occupation ancienne du sol est devenue une donn\u00e9e incontournable pour un grand nombre d\u2019analyses locales ou r\u00e9gionales concernant la valeur patrimoniale, la distribution et la conservation de la biodiversit\u00e9, la mise en place des trames vertes, la fertilit\u00e9 des milieux, leur capacit\u00e9 \u00e0 stocker du carbone, etc. L\u2019information sur l\u2019occupation historique des sols apporte un \u00e9l\u00e9ment de compr\u00e9hension tout aussi utile que celle sur les contraintes naturelles classiques, climatiques, p\u00e9dologiques, topographiques ou autres.<\/p>\n\n\n\n<p>Les connaissances et attentes ont amen\u00e9 chercheurs et gestionnaires du milieu naturel \u00e0 une traduction op\u00e9rationnelle du concept d\u2019occupation ancienne du sol sous la forme de cartes vectoris\u00e9es. Il y a dix ans \u00e0 peine ont d\u00e9marr\u00e9 les premiers travaux \u00e0 l&rsquo;\u00e9chelle r\u00e9gionale. Parmi les cartes ou statistiques disponibles \u00e0 diff\u00e9rentes dates et \u00e9chelles, la carte d&rsquo;Etat-Major dont les minutes ont \u00e9t\u00e9 lev\u00e9es au 1&nbsp;: 40&nbsp;000 entre 1825 et 1866, constitue une source particuli\u00e8re d&rsquo;information pour l\u2019\u00e9tude des occupations anciennes de sols Cette p\u00e9riode correspond sensiblement \u00e0 la date du dernier minimum forestier connu en France&nbsp;: les surfaces foresti\u00e8res encore existantes \u00e0 cette \u00e9poque sont donc celles qui ont le plus de probabilit\u00e9 d\u2019\u00eatre (plus) anciennes. En outre, les effets de l\u2019usage ancien du sol restent encore tr\u00e8s perceptibles \u00e0 l\u2019heure actuelle.<\/p>\n\n\n\n<p>Les cartes r\u00e9alis\u00e9es \u00e0 ce jour repr\u00e9sentent d\u00e9j\u00e0 33% du territoire. Elles permettent de dessiner avec une bonne pr\u00e9cision et de comparer les changements d&rsquo;occupation du sol dans diff\u00e9rentes r\u00e9gions de France. L&rsquo;objectif d\u2019aboutir \u00e0 la r\u00e9alisation d\u2019une carte compl\u00e8te \u00e0 l\u2019\u00e9chelle de la m\u00e9tropole pourrait se concr\u00e9tiser assez vite gr\u00e2ce notamment \u00e0 la multiplication des acteurs int\u00e9ress\u00e9s, notamment au niveau r\u00e9gional, \u00e0 la simplification des proc\u00e9dures de production des cartes et depuis peu, \u00e0 l\u2019intervention de l\u2019IGN en tant que coordinateur et r\u00e9f\u00e9rent national.<\/p>\n","protected":false},"excerpt":{"rendered":"<p>Le projet Cartofora Contexte et enjeux Les recherches men\u00e9es depuis une trentaine d\u2019ann\u00e9es ont montr\u00e9 que l\u2019anciennet\u00e9 de l\u2019\u00e9tat bois\u00e9 est un \u00e9l\u00e9ment cl\u00e9 non seulement de la r\u00e9partition actuelle des esp\u00e8ces mais \u00e9galement du fonctionnement des \u00e9cosyst\u00e8mes forestiers. La m\u00e9moire des \u00e9cosyst\u00e8mes s\u2019explique par les modifications des sols induites par les usages agricoles et &hellip; <\/p>\n<p class=\"link-more\"><a href=\"http:\/\/www.gip-ecofor.org\/cartofora\/contexte-et-enjeux\/\" class=\"more-link\">Lire la suite de<span class=\"screen-reader-text\">\u00ab\u00a0Contexte et Enjeux\u00a0\u00bb<\/span><\/a><\/p>\n","protected":false},"author":1,"featured_media":0,"parent":0,"menu_order":0,"comment_status":"closed","ping_status":"closed","template":"","meta":{"footnotes":""},"class_list":["post-7","page","type-page","status-publish","hentry"],"_links":{"self":[{"href":"http:\/\/www.gip-ecofor.org\/cartofora\/wp-json\/wp\/v2\/pages\/7","targetHints":{"allow":["GET"]}}],"collection":[{"href":"http:\/\/www.gip-ecofor.org\/cartofora\/wp-json\/wp\/v2\/pages"}],"about":[{"href":"http:\/\/www.gip-ecofor.org\/cartofora\/wp-json\/wp\/v2\/types\/page"}],"author":[{"embeddable":true,"href":"http:\/\/www.gip-ecofor.org\/cartofora\/wp-json\/wp\/v2\/users\/1"}],"replies":[{"embeddable":true,"href":"http:\/\/www.gip-ecofor.org\/cartofora\/wp-json\/wp\/v2\/comments?post=7"}],"version-history":[{"count":3,"href":"http:\/\/www.gip-ecofor.org\/cartofora\/wp-json\/wp\/v2\/pages\/7\/revisions"}],"predecessor-version":[{"id":285,"href":"http:\/\/www.gip-ecofor.org\/cartofora\/wp-json\/wp\/v2\/pages\/7\/revisions\/285"}],"wp:attachment":[{"href":"http:\/\/www.gip-ecofor.org\/cartofora\/wp-json\/wp\/v2\/media?parent=7"}],"curies":[{"name":"wp","href":"https:\/\/api.w.org\/{rel}","templated":true}]}}