{"id":125,"date":"2022-05-25T11:06:58","date_gmt":"2022-05-25T09:06:58","guid":{"rendered":"http:\/\/localhost\/boisenergieweb\/?page_id=125"},"modified":"2024-09-27T16:45:08","modified_gmt":"2024-09-27T14:45:08","slug":"accueil","status":"publish","type":"page","link":"http:\/\/www.gip-ecofor.org\/gerboise\/","title":{"rendered":"Bienvenue"},"content":{"rendered":"\n<p style=\"font-size:18px\">Bienvenue sur le site Gerboise, le site qui recense et pr\u00e9sente les \u00e9tudes, projets et avanc\u00e9es li\u00e9s \u00e0 l&rsquo;am\u00e9lioration des pratiques foresti\u00e8res pour la pr\u00e9servation des \u00e9cosyst\u00e8mes forestiers.<\/p>\n\n\n\n<p class=\"has-medium-font-size\"><strong>Contexte<\/strong><\/p>\n\n\n\n<p style=\"font-size:18px\">La strat\u00e9gie fran\u00e7aise de <strong>transition \u00e9nerg\u00e9tique <\/strong>pr\u00e9voit de substituer une partie des sources d&rsquo;\u00e9nergie fossile par l&rsquo;utilisation accrue de ressources renouvelables et notamment de biomasse foresti\u00e8re. La fili\u00e8re <strong>bois \u00e9nergie <\/strong>est donc amen\u00e9e \u00e0 mobiliser de fa\u00e7on croissante du bois jusqu\u2019alors laiss\u00e9 en for\u00eat, ce qu&rsquo;on appelle les <strong>r\u00e9manents forestiers : <\/strong>menus bois, souches, petites tiges, purges\u2026 Ces r\u00e9manents sont broy\u00e9s et transform\u00e9s en <strong>plaquettes foresti\u00e8res<\/strong> pour produire de l&rsquo;\u00e9nergie, un d\u00e9bouch\u00e9 qui conna\u00eet une forte croissance depuis la fin des ann\u00e9es 2000.<\/p>\n\n\n\n<p style=\"font-size:18px\">Or, le pr\u00e9l\u00e8vement de ces r\u00e9manents a un impact sur le bon fonctionnement des \u00e9cosyst\u00e8mes forestiers. En effet, la teneur \u00e9lev\u00e9e en \u00e9l\u00e9ments min\u00e9raux de ces derniers permet l&rsquo;enrichissement naturel des sols forestiers suite \u00e0 leur d\u00e9composition. Les retirer peut entrainer \u00e0 terme une <strong>baisse de la fertilit\u00e9 des sols<\/strong> <strong>forestiers<\/strong>. De plus, de nombreuses esp\u00e8ces d\u00e9pendent de la pr\u00e9sence de ces r\u00e9manents. Les <strong>esp\u00e8ces saproxyliques<\/strong> ont un cycle de vie li\u00e9 \u00e0 la pr\u00e9sence de bois mort ou en d\u00e9composition, et repr\u00e9sentent plus d&rsquo;un quart de la <strong>biodiversit\u00e9 foresti\u00e8re<\/strong>. Plusieurs de ces esp\u00e8ces participent au maintien des \u00e9cosyst\u00e8mes forestiers en bonne sant\u00e9 et donc \u00e0 la productivit\u00e9 foresti\u00e8re.<\/p>\n\n\n\n<p style=\"font-size:18px\">Face \u00e0 ces <strong>enjeux \u00e9cologiques et \u00e9conomiques<\/strong>, plusieurs \u00e9tudes et projets ont \u00e9t\u00e9 mis en place avec comme objectif de concilier la <strong>pr\u00e9servation des \u00e9cosyst\u00e8mes forestiers<\/strong> et le <strong>pr\u00e9l\u00e8vement de biomasse foresti\u00e8re<\/strong>. La mise en \u0153uvre concr\u00e8te de cet objectif passe par <strong>l&rsquo;am\u00e9lioration des pratiques foresti\u00e8res.<\/strong><\/p>\n\n\n\n<p style=\"font-size:18px\">La liste des projets fran\u00e7ais :<\/p>\n\n\n\n<ul class=\"wp-block-list\">\n<li style=\"font-size:18px\"><strong><a href=\"http:\/\/www.gip-ecofor.org\/gerboise\/projets#gold\">GOLD<\/a><\/strong> : Op\u00e9rationnalit\u00e9 des recommandations de GERBOISE sur la durabilit\u00e9 des sols forestiers<\/li>\n\n\n\n<li style=\"font-size:18px\"><strong><a href=\"http:\/\/www.gip-ecofor.org\/gerboise\/projets#tamobiom\">TAMOBIOM<\/a><\/strong> : Tests et Appropriation par les acteurs op\u00e9rationnels de nouveaux MOd\u00e8les technico-\u00e9conomiques pour une r\u00e9colte durable de BIOMasse foresti\u00e8re (2019-2022)<\/li>\n\n\n\n<li style=\"font-size:18px\"><strong><a href=\"http:\/\/www.gip-ecofor.org\/gerboise\/projets#defiforbois\">DEFIFORBOIS<\/a><\/strong> : D\u00e9veloppement et durabilit\u00e9 de la fili\u00e8re For\u00eat-Bois en r\u00e9gion Centre Val de Loire (2016-2019)<\/li>\n\n\n\n<li style=\"font-size:18px\"><strong><a href=\"http:\/\/www.gip-ecofor.org\/gerboise\/projets#gerboise\">GERBOISE<\/a><\/strong> : GEstion raisonn\u00e9e de la R\u00e9colte de BOIS \u00c9nergie (2015-2018)<\/li>\n\n\n\n<li style=\"font-size:18px\"><a href=\"http:\/\/www.gip-ecofor.org\/gerboise\/projets#bafes\"><strong>BAFES <\/strong>\/<strong> BASHSERV<\/strong><\/a> : Biomass harvest and Ash recycling: Impact on Forest Ecosystem Service values Biofuel harvest and ash recycling in forests: Assessment of new management practices applying an ecosystem service approach (2017-2018)<\/li>\n\n\n\n<li style=\"font-size:18px\"><strong><a href=\"http:\/\/www.gip-ecofor.org\/gerboise\/projets#insens\u00e9\">INSENS\u00c9<\/a><\/strong> : INdicateurs de SENSibilit\u00e9 des \u00c9cosyst\u00e8mes forestiers soumis \u00e0 une r\u00e9colte accrue de biomasse (2014-2017)<\/li>\n\n\n\n<li style=\"font-size:18px\"><strong><a href=\"http:\/\/www.gip-ecofor.org\/gerboise\/projets#respire\">RESPIRE<\/a> <\/strong>: REcolte des menus boiS en for\u00eat : Potentiel, Impact et Rem\u00e9diation par Epandage de cendres (2014-2017)<\/li>\n\n\n\n<li style=\"font-size:18px\"><strong><a href=\"http:\/\/www.gip-ecofor.org\/gerboise\/projets#qlspims\">QLSpims<\/a><\/strong> : Nouvelle g\u00e9n\u00e9ration de mod\u00e8les sols-plantes \u00e0 base dendrom\u00e9trique (2013-2016)<\/li>\n\n\n\n<li style=\"font-size:18px\"><strong><a href=\"http:\/\/www.gip-ecofor.org\/gerboise\/projets#mos\">Dispositif MOS<\/a> <\/strong>: Manipulation de la mati\u00e8re organique des sols (2013-2040)<\/li>\n\n\n\n<li style=\"font-size:18px\"><strong><a href=\"http:\/\/www.gip-ecofor.org\/gerboise\/projets#icif\">Dispositif ICIF<\/a> <\/strong>: Itin\u00e9raires de Cultures Innovantes en For\u00eat (2011-2014)<\/li>\n\n\n\n<li style=\"font-size:18px\"><strong><a href=\"http:\/\/www.gip-ecofor.org\/gerboise\/projets#resobio\">RESOBIO<\/a>&nbsp;<\/strong>: Gestion des r\u00e9manents forestiers, pr\u00e9servation des sols et de la biodiversit\u00e9 (2012-2013)<\/li>\n\n\n\n<li style=\"font-size:18px\"><strong><a href=\"http:\/\/www.gip-ecofor.org\/gerboise\/projets#biomadi\">BIOMADI<\/a>&nbsp;<\/strong>: Biomasse et Biodiversit\u00e9 Foresti\u00e8re (2009-2013)<\/li>\n\n\n\n<li style=\"font-size:18px\"><strong><a href=\"http:\/\/www.gip-ecofor.org\/gerboise\/projets#bio2\">BIO2<\/a>&nbsp;<\/strong>: Biomasse et Biodiversit\u00e9 foresti\u00e8res (2008-2009)<\/li>\n<\/ul>\n","protected":false},"excerpt":{"rendered":"<p>Bienvenue sur le site Gerboise, le site qui recense et pr\u00e9sente les \u00e9tudes, projets et avanc\u00e9es li\u00e9s \u00e0 l&rsquo;am\u00e9lioration des pratiques foresti\u00e8res pour la pr\u00e9servation des \u00e9cosyst\u00e8mes forestiers. Contexte La strat\u00e9gie fran\u00e7aise de transition \u00e9nerg\u00e9tique pr\u00e9voit de substituer une partie des sources d&rsquo;\u00e9nergie fossile par l&rsquo;utilisation accrue de ressources renouvelables et notamment de biomasse foresti\u00e8re. &hellip; <\/p>\n<p class=\"link-more\"><a href=\"http:\/\/www.gip-ecofor.org\/gerboise\/\" class=\"more-link\">Lire la suite de<span class=\"screen-reader-text\">\u00ab\u00a0Bienvenue\u00a0\u00bb<\/span><\/a><\/p>\n","protected":false},"author":1,"featured_media":0,"parent":0,"menu_order":0,"comment_status":"closed","ping_status":"closed","template":"","meta":{"footnotes":""},"class_list":["post-125","page","type-page","status-publish","hentry"],"_links":{"self":[{"href":"http:\/\/www.gip-ecofor.org\/gerboise\/wp-json\/wp\/v2\/pages\/125","targetHints":{"allow":["GET"]}}],"collection":[{"href":"http:\/\/www.gip-ecofor.org\/gerboise\/wp-json\/wp\/v2\/pages"}],"about":[{"href":"http:\/\/www.gip-ecofor.org\/gerboise\/wp-json\/wp\/v2\/types\/page"}],"author":[{"embeddable":true,"href":"http:\/\/www.gip-ecofor.org\/gerboise\/wp-json\/wp\/v2\/users\/1"}],"replies":[{"embeddable":true,"href":"http:\/\/www.gip-ecofor.org\/gerboise\/wp-json\/wp\/v2\/comments?post=125"}],"version-history":[{"count":17,"href":"http:\/\/www.gip-ecofor.org\/gerboise\/wp-json\/wp\/v2\/pages\/125\/revisions"}],"predecessor-version":[{"id":720,"href":"http:\/\/www.gip-ecofor.org\/gerboise\/wp-json\/wp\/v2\/pages\/125\/revisions\/720"}],"wp:attachment":[{"href":"http:\/\/www.gip-ecofor.org\/gerboise\/wp-json\/wp\/v2\/media?parent=125"}],"curies":[{"name":"wp","href":"https:\/\/api.w.org\/{rel}","templated":true}]}}