{"id":26,"date":"2022-03-29T12:12:12","date_gmt":"2022-03-29T10:12:12","guid":{"rendered":"http:\/\/localhost\/boisenergieweb\/?page_id=26"},"modified":"2025-03-20T09:02:58","modified_gmt":"2025-03-20T08:02:58","slug":"historique","status":"publish","type":"page","link":"http:\/\/www.gip-ecofor.org\/gerboise\/historique\/","title":{"rendered":"Documentation"},"content":{"rendered":"\n<p><a href=\"http:\/\/localhost\/boisenergieweb\/wp-admin\/post.php?post=87&amp;action=edit\" data-type=\"URL\" data-id=\"http:\/\/localhost\/boisenergieweb\/wp-admin\/post.php?post=87&amp;action=edit\">Les \u00e9tudes fran\u00e7aises<\/a><\/p>\n\n\n\n<p><a href=\"http:\/\/localhost\/boisenergieweb\/wp-admin\/post.php?post=90&amp;action=edit\">Guides pratiques et synth\u00e8se des connaissances <\/a><\/p>\n\n\n\n<p><a href=\"http:\/\/www.gip-ecofor.org\/gerboise\/bulletins-de-veille-du-projet-gold\/\" data-type=\"link\" data-id=\"http:\/\/www.gip-ecofor.org\/gerboise\/bulletins-de-veille-du-projet-gold\/\">Bulletins de veille du projet GOLD<\/a><\/p>\n","protected":false},"excerpt":{"rendered":"<p>Les \u00e9tudes fran\u00e7aises Guides pratiques et synth\u00e8se des connaissances Bulletins de veille du projet GOLD<\/p>\n","protected":false},"author":1,"featured_media":0,"parent":0,"menu_order":0,"comment_status":"closed","ping_status":"closed","template":"","meta":{"footnotes":""},"class_list":["post-26","page","type-page","status-publish","hentry"],"_links":{"self":[{"href":"http:\/\/www.gip-ecofor.org\/gerboise\/wp-json\/wp\/v2\/pages\/26","targetHints":{"allow":["GET"]}}],"collection":[{"href":"http:\/\/www.gip-ecofor.org\/gerboise\/wp-json\/wp\/v2\/pages"}],"about":[{"href":"http:\/\/www.gip-ecofor.org\/gerboise\/wp-json\/wp\/v2\/types\/page"}],"author":[{"embeddable":true,"href":"http:\/\/www.gip-ecofor.org\/gerboise\/wp-json\/wp\/v2\/users\/1"}],"replies":[{"embeddable":true,"href":"http:\/\/www.gip-ecofor.org\/gerboise\/wp-json\/wp\/v2\/comments?post=26"}],"version-history":[{"count":8,"href":"http:\/\/www.gip-ecofor.org\/gerboise\/wp-json\/wp\/v2\/pages\/26\/revisions"}],"predecessor-version":[{"id":841,"href":"http:\/\/www.gip-ecofor.org\/gerboise\/wp-json\/wp\/v2\/pages\/26\/revisions\/841"}],"wp:attachment":[{"href":"http:\/\/www.gip-ecofor.org\/gerboise\/wp-json\/wp\/v2\/media?parent=26"}],"curies":[{"name":"wp","href":"https:\/\/api.w.org\/{rel}","templated":true}]}}