{"id":28,"date":"2022-03-29T12:12:12","date_gmt":"2022-03-29T10:12:12","guid":{"rendered":"http:\/\/localhost\/boisenergieweb\/?page_id=28"},"modified":"2024-10-02T14:57:01","modified_gmt":"2024-10-02T12:57:01","slug":"recommandations","status":"publish","type":"page","link":"http:\/\/www.gip-ecofor.org\/gerboise\/recommandations\/","title":{"rendered":"Recommandations g\u00e9n\u00e9rales"},"content":{"rendered":"\n<figure class=\"wp-block-image alignfull size-full\"><img loading=\"lazy\" decoding=\"async\" width=\"1887\" height=\"289\" src=\"http:\/\/www.gip-ecofor.org\/gerboise\/wp-content\/uploads\/2024\/10\/Recommandations-generales.png\" alt=\"\" class=\"wp-image-797\"\/><\/figure>\n\n\n\n<p style=\"font-size:18px\">Cette rubrique fait la synth\u00e8se des recommandations issues du projet de recherche<strong> <a href=\"http:\/\/www.gip-ecofor.org\/gerboise\/projets#gold\">Gerboise<\/a><\/strong>.<\/p>\n\n\n\n<p style=\"font-size:18px\">Ces recommandations sont d\u00e9taill\u00e9es dans le rapport \u00ab\u00a0<strong>Recommandations pour une r\u00e9colte durable de biomasse foresti\u00e8re pour l&rsquo;\u00e9nergie<\/strong>\u00ab\u00a0, qui met \u00e0 disposition des op\u00e9rateurs de terrain des informations et conseils concernant les pratiques de r\u00e9colte des compartiments menus bois et souches.<\/p>\n\n\n\n<figure class=\"wp-block-image size-full is-resized\"><a href=\"http:\/\/www.gip-ecofor.org\/gerboise\/wp-content\/uploads\/2024\/08\/2019-Recommendations-pour-une-recolte-durable-de-biomasse-forestiere-pour-lenergie.pdf\"><img loading=\"lazy\" decoding=\"async\" width=\"606\" height=\"850\" src=\"http:\/\/www.gip-ecofor.org\/gerboise\/wp-content\/uploads\/2024\/10\/Capture-decran_2-10-2024_7551_-1.jpeg\" alt=\"\" class=\"wp-image-779\" style=\"width:321px;height:auto\"\/><\/a><\/figure>\n\n\n\n<p style=\"font-size:18px\"><strong>T\u00e9l\u00e9charger le <a href=\"http:\/\/www.gip-ecofor.org\/gerboise\/wp-content\/uploads\/2024\/08\/2019-Recommendations-pour-une-recolte-durable-de-biomasse-forestiere-pour-lenergie.pdf\">rapport<\/a>.<\/strong><\/p>\n\n\n\n<p style=\"font-size:18px\">L&rsquo;am\u00e9lioration des pratiques foresti\u00e8res pr\u00e9conis\u00e9e dans ce rapport contribuerait \u00e0 pr\u00e9server les \u00e9cosyst\u00e8mes et les sols forestiers, concilant ainsi objectifs \u00e9conomiques et \u00e9cologiques.<\/p>\n\n\n\n<p style=\"font-size:18px\"><strong>Il s&rsquo;agit en effet de r\u00e9duire les impacts de l&rsquo;exploitation foresti\u00e8re sur le bon fonctionnement et la r\u00e9silience des \u00e9cosyst\u00e8mes forestiers, en suivant quatre axes principaux :<\/strong><\/p>\n\n\n\n<ul class=\"wp-block-list\">\n<li style=\"font-size:18px\"><strong><a href=\"http:\/\/www.gip-ecofor.org\/gerboise\/fertilite-et-integrite-chimique\/\" data-type=\"page\" data-id=\"431\">Pr\u00e9server la fertilit\u00e9 des sols forestiers<\/a><\/strong><\/li>\n<\/ul>\n\n\n\n<figure class=\"wp-block-image size-full is-resized\"><img loading=\"lazy\" decoding=\"async\" width=\"474\" height=\"475\" src=\"http:\/\/www.gip-ecofor.org\/gerboise\/wp-content\/uploads\/2024\/10\/Image12.png\" alt=\"\" class=\"wp-image-800\" style=\"width:180px\"\/><\/figure>\n\n\n\n<ul class=\"wp-block-list\">\n<li style=\"font-size:18px\"><strong><a href=\"http:\/\/www.gip-ecofor.org\/gerboise\/biodiversite\/\" data-type=\"page\" data-id=\"435\">Pr\u00e9server la biodiversit\u00e9<\/a><\/strong><\/li>\n<\/ul>\n\n\n\n<figure class=\"wp-block-image size-full is-resized\"><img loading=\"lazy\" decoding=\"async\" width=\"475\" height=\"475\" src=\"http:\/\/www.gip-ecofor.org\/gerboise\/wp-content\/uploads\/2024\/10\/Image13.png\" alt=\"\" class=\"wp-image-801\" style=\"width:180px;height:auto\"\/><\/figure>\n\n\n\n<ul class=\"wp-block-list\">\n<li style=\"font-size:18px\"><strong><a href=\"http:\/\/www.gip-ecofor.org\/gerboise\/tassement-et-erosion\/\" data-type=\"page\" data-id=\"433\">Eviter le tassement et l&rsquo;\u00e9rosion des sols forestiers<\/a><\/strong><\/li>\n<\/ul>\n\n\n\n<figure class=\"wp-block-image size-full is-resized\"><img loading=\"lazy\" decoding=\"async\" width=\"474\" height=\"475\" src=\"http:\/\/www.gip-ecofor.org\/gerboise\/wp-content\/uploads\/2024\/10\/Image15.png\" alt=\"\" class=\"wp-image-802\" style=\"width:180px\"\/><\/figure>\n\n\n\n<ul class=\"wp-block-list\">\n<li style=\"font-size:18px\"><strong><a href=\"http:\/\/www.gip-ecofor.org\/gerboise\/cours-deau-et-zones-humides\/\" data-type=\"page\" data-id=\"437\">Limiter la perturbation des cours d&rsquo;eau et des zones humides<\/a><\/strong><\/li>\n<\/ul>\n\n\n\n<figure class=\"wp-block-image size-full is-resized\"><img loading=\"lazy\" decoding=\"async\" width=\"475\" height=\"475\" src=\"http:\/\/www.gip-ecofor.org\/gerboise\/wp-content\/uploads\/2024\/10\/Image14.png\" alt=\"\" class=\"wp-image-803\" style=\"width:180px\"\/><\/figure>\n\n\n\n<p style=\"font-size:18px\"><strong>Le rapport pr\u00e9sente \u00e9galement des <a href=\"http:\/\/www.gip-ecofor.org\/gerboise\/recommandations-specifiques-pour-la-recolte-de-menus-bois-et-des-souches\/\" data-type=\"page\" data-id=\"572\">recommandations sp\u00e9cifiques pour la r\u00e9colte de menus bois et de souches<\/a> :<\/strong><\/p>\n\n\n\n<p style=\"font-size:18px\"><mark style=\"background-color:rgba(0, 0, 0, 0)\" class=\"has-inline-color has-luminous-vivid-orange-color\"><strong>1.<\/strong> <strong>Limiter l&rsquo;\u00e9vacuation du feuillage<\/strong> <strong>lors des op\u00e9rations de r\u00e9colte.<\/strong><\/mark><\/p>\n\n\n\n<figure class=\"wp-block-image size-full is-resized\"><img loading=\"lazy\" decoding=\"async\" width=\"685\" height=\"683\" src=\"http:\/\/www.gip-ecofor.org\/gerboise\/wp-content\/uploads\/2024\/08\/Feuilles.png\" alt=\"\" class=\"wp-image-452\" style=\"width:185px;height:auto\"\/><\/figure>\n\n\n\n<p style=\"font-size:18px\"><mark style=\"background-color:rgba(0, 0, 0, 0)\" class=\"has-inline-color has-luminous-vivid-orange-color\"><strong>2.<\/strong> <strong>Moduler la r\u00e9colte des menus bois<\/strong><\/mark> en en laissant 10 % \u00e0 30 % sur place (la r\u00e9colte est m\u00eame d\u00e9conseill\u00e9e, sauf compensation, pour les sols les plus vuln\u00e9rables et dans les zones prioritaires sur le plan de la biodiversit\u00e9).<\/p>\n\n\n\n<figure class=\"wp-block-image size-full is-resized\"><img loading=\"lazy\" decoding=\"async\" width=\"685\" height=\"683\" src=\"http:\/\/www.gip-ecofor.org\/gerboise\/wp-content\/uploads\/2024\/08\/Branches.png\" alt=\"\" class=\"wp-image-466\" style=\"width:175px;height:auto\"\/><\/figure>\n\n\n\n<p style=\"font-size:18px\"><mark style=\"background-color:rgba(0, 0, 0, 0)\" class=\"has-inline-color has-luminous-vivid-orange-color\"><strong>3.<\/strong> <strong>Raisonner la r\u00e9colte des souches.<\/strong><\/mark><\/p>\n\n\n\n<figure class=\"wp-block-image size-full is-resized\"><img loading=\"lazy\" decoding=\"async\" width=\"684\" height=\"683\" src=\"http:\/\/www.gip-ecofor.org\/gerboise\/wp-content\/uploads\/2024\/08\/Souche.png\" alt=\"\" class=\"wp-image-453\" style=\"width:178px;height:auto\"\/><\/figure>\n","protected":false},"excerpt":{"rendered":"<p>Cette rubrique fait la synth\u00e8se des recommandations issues du projet de recherche Gerboise. Ces recommandations sont d\u00e9taill\u00e9es dans le rapport \u00ab\u00a0Recommandations pour une r\u00e9colte durable de biomasse foresti\u00e8re pour l&rsquo;\u00e9nergie\u00ab\u00a0, qui met \u00e0 disposition des op\u00e9rateurs de terrain des informations et conseils concernant les pratiques de r\u00e9colte des compartiments menus bois et souches. T\u00e9l\u00e9charger le &hellip; <\/p>\n<p class=\"link-more\"><a href=\"http:\/\/www.gip-ecofor.org\/gerboise\/recommandations\/\" class=\"more-link\">Lire la suite de<span class=\"screen-reader-text\">\u00ab\u00a0Recommandations g\u00e9n\u00e9rales\u00a0\u00bb<\/span><\/a><\/p>\n","protected":false},"author":1,"featured_media":0,"parent":0,"menu_order":0,"comment_status":"closed","ping_status":"closed","template":"","meta":{"footnotes":""},"class_list":["post-28","page","type-page","status-publish","hentry"],"_links":{"self":[{"href":"http:\/\/www.gip-ecofor.org\/gerboise\/wp-json\/wp\/v2\/pages\/28","targetHints":{"allow":["GET"]}}],"collection":[{"href":"http:\/\/www.gip-ecofor.org\/gerboise\/wp-json\/wp\/v2\/pages"}],"about":[{"href":"http:\/\/www.gip-ecofor.org\/gerboise\/wp-json\/wp\/v2\/types\/page"}],"author":[{"embeddable":true,"href":"http:\/\/www.gip-ecofor.org\/gerboise\/wp-json\/wp\/v2\/users\/1"}],"replies":[{"embeddable":true,"href":"http:\/\/www.gip-ecofor.org\/gerboise\/wp-json\/wp\/v2\/comments?post=28"}],"version-history":[{"count":42,"href":"http:\/\/www.gip-ecofor.org\/gerboise\/wp-json\/wp\/v2\/pages\/28\/revisions"}],"predecessor-version":[{"id":804,"href":"http:\/\/www.gip-ecofor.org\/gerboise\/wp-json\/wp\/v2\/pages\/28\/revisions\/804"}],"wp:attachment":[{"href":"http:\/\/www.gip-ecofor.org\/gerboise\/wp-json\/wp\/v2\/media?parent=28"}],"curies":[{"name":"wp","href":"https:\/\/api.w.org\/{rel}","templated":true}]}}