{"id":70,"date":"2022-05-20T16:06:47","date_gmt":"2022-05-20T14:06:47","guid":{"rendered":"http:\/\/localhost\/boisenergieweb\/?page_id=70"},"modified":"2022-05-20T16:11:26","modified_gmt":"2022-05-20T14:11:26","slug":"observatoire-des-pratiques","status":"publish","type":"page","link":"http:\/\/www.gip-ecofor.org\/gerboise\/observatoire-des-pratiques\/","title":{"rendered":"Observatoire des pratiques"},"content":{"rendered":"\n<p>Les pratiques de r\u00e9colte et les types de produits fournissant la plaquette foresti\u00e8re ont \u00e9t\u00e9 d\u00e9crites qualitativement dans le projet <strong>RESOBIO<\/strong>. On connait cependant mal la r\u00e9alit\u00e9 de leur d\u00e9ploiement en France m\u00e9tropolitaine\u00a0: o\u00f9, comment et par qui sont-elles mises en \u0153uvre\u00a0? La r\u00e9ponse \u00e0 ces questions permet d\u2019adapter les recommandations formul\u00e9es (<a href=\"http:\/\/www.gip-ecofor.org\/gerboise\/index.php?sujet=2\">recommendation des pratiques<\/a>). Un point de vigilance particulier est la part prise par les pratiques de r\u00e9colte d\u2019arbres entiers (\u00e9claircies, taillis) d\u00e8s \u00e0 pr\u00e9sent et dans les prochaines ann\u00e9es. <strong>Un observatoire des pratiques de r\u00e9colte est ainsi mis en place<\/strong> comprenant 2 parties\u00a0: une <a href=\"http:\/\/www.gip-ecofor.org\/gerboise\/index.php?sujet=14\"><strong>enqu\u00eate nationale<\/strong><\/a> aupr\u00e8s des mobilisateurs de bois \u00e9nergie pour conna\u00eetre les principales modalit\u00e9s de r\u00e9colte, un <a href=\"http:\/\/www.gip-ecofor.org\/gerboise\/index.php?sujet=3\"><strong>suivi plus fin de quelques chantiers<\/strong><\/a> repr\u00e9sentatifs afin de quantifier les exportations min\u00e9rales, d\u2019analyser l\u2019impact sur la biodiversit\u00e9.<\/p>\n\n\n\n<p><\/p>\n\n\n\n<p><a href=\"http:\/\/localhost\/boisenergieweb\/enquete-nationale\/\">Enqu\u00eate nationale<\/a><\/p>\n\n\n\n<p><a href=\"http:\/\/localhost\/boisenergieweb\/analyses-de-chantiers\/\">Analyse de chantiers<\/a><\/p>\n","protected":false},"excerpt":{"rendered":"<p>Les pratiques de r\u00e9colte et les types de produits fournissant la plaquette foresti\u00e8re ont \u00e9t\u00e9 d\u00e9crites qualitativement dans le projet RESOBIO. On connait cependant mal la r\u00e9alit\u00e9 de leur d\u00e9ploiement en France m\u00e9tropolitaine\u00a0: o\u00f9, comment et par qui sont-elles mises en \u0153uvre\u00a0? La r\u00e9ponse \u00e0 ces questions permet d\u2019adapter les recommandations formul\u00e9es (recommendation des pratiques). &hellip; <\/p>\n<p class=\"link-more\"><a href=\"http:\/\/www.gip-ecofor.org\/gerboise\/observatoire-des-pratiques\/\" class=\"more-link\">Lire la suite de<span class=\"screen-reader-text\">\u00ab\u00a0Observatoire des pratiques\u00a0\u00bb<\/span><\/a><\/p>\n","protected":false},"author":1,"featured_media":0,"parent":0,"menu_order":0,"comment_status":"closed","ping_status":"closed","template":"","meta":{"footnotes":""},"class_list":["post-70","page","type-page","status-publish","hentry"],"_links":{"self":[{"href":"http:\/\/www.gip-ecofor.org\/gerboise\/wp-json\/wp\/v2\/pages\/70","targetHints":{"allow":["GET"]}}],"collection":[{"href":"http:\/\/www.gip-ecofor.org\/gerboise\/wp-json\/wp\/v2\/pages"}],"about":[{"href":"http:\/\/www.gip-ecofor.org\/gerboise\/wp-json\/wp\/v2\/types\/page"}],"author":[{"embeddable":true,"href":"http:\/\/www.gip-ecofor.org\/gerboise\/wp-json\/wp\/v2\/users\/1"}],"replies":[{"embeddable":true,"href":"http:\/\/www.gip-ecofor.org\/gerboise\/wp-json\/wp\/v2\/comments?post=70"}],"version-history":[{"count":3,"href":"http:\/\/www.gip-ecofor.org\/gerboise\/wp-json\/wp\/v2\/pages\/70\/revisions"}],"predecessor-version":[{"id":78,"href":"http:\/\/www.gip-ecofor.org\/gerboise\/wp-json\/wp\/v2\/pages\/70\/revisions\/78"}],"wp:attachment":[{"href":"http:\/\/www.gip-ecofor.org\/gerboise\/wp-json\/wp\/v2\/media?parent=70"}],"curies":[{"name":"wp","href":"https:\/\/api.w.org\/{rel}","templated":true}]}}