{"id":15,"date":"2025-03-10T22:06:48","date_gmt":"2025-03-10T21:06:48","guid":{"rendered":"https:\/\/socioeco:8890\/?page_id=15"},"modified":"2025-05-26T16:32:23","modified_gmt":"2025-05-26T14:32:23","slug":"homepage","status":"publish","type":"page","link":"http:\/\/www.gip-ecofor.org\/socioeco\/","title":{"rendered":"Homepage"},"content":{"rendered":"\n<div class=\"wp-block-columns is-layout-flex wp-container-core-columns-is-layout-28f84493 wp-block-columns-is-layout-flex\">\n<div class=\"wp-block-column is-layout-flow wp-block-column-is-layout-flow\">\n<h1 class=\"wp-block-heading\" style=\"font-size:clamp(14px, 0.875rem + ((1vw - 3.2px) * 0.625), 20px);\">Bienvenue sur le site&nbsp;du r\u00e9seau des sciences \u00e9conomiques, humaines et sociales d&rsquo;ECOFOR<\/h1>\n\n\n\n<p style=\"font-size:14px\">Le\u00a0<strong><a href=\"http:\/\/www.gip-ecofor.org\/socioeco\/presentation\/\">r\u00e9seau de chercheurs en sciences \u00e9conomiques, humaines et sociales<\/a>\u00a0appliqu\u00e9es \u00e0 la for\u00eat<\/strong>\u00a0est une initiative du GIP ECOFOR. Ce r\u00e9seau se veut souple, r\u00e9actif et facile d\u2019acc\u00e8s. Il a vocation \u00e0 faciliter les \u00e9changes et le montage, voire le financement de projets collaboratifs entre chercheurs. L&rsquo;objectif est de rendre plus visible la recherche du domaine au niveau national et europ\u00e9en.<\/p>\n\n\n\n<p style=\"font-size:14px\">Le r\u00e9seau \u00e9dite chaque semaine une&nbsp;<strong>lettre de veille<\/strong>&nbsp;des derni\u00e8res manifestations, publications et opportunit\u00e9s pour la recherche.<\/p>\n<\/div>\n\n\n\n<div class=\"wp-block-column is-layout-flow wp-block-column-is-layout-flow\">\n\n<\/div>\n<\/div>\n\n\n\n<div class=\"wp-block-columns is-layout-flex wp-container-core-columns-is-layout-28f84493 wp-block-columns-is-layout-flex\">\n<div class=\"wp-block-column is-layout-flow wp-block-column-is-layout-flow\">\n\n<\/div>\n\n\n\n<div class=\"wp-block-column is-layout-flow wp-block-column-is-layout-flow\">\n\n<\/div>\n<\/div>\n","protected":false},"excerpt":{"rendered":"<p>Bienvenue sur le site&nbsp;du r\u00e9seau des sciences \u00e9conomiques, humaines et sociales d&rsquo;ECOFOR Le\u00a0r\u00e9seau de chercheurs en sciences \u00e9conomiques, humaines et sociales\u00a0appliqu\u00e9es \u00e0 la for\u00eat\u00a0est une initiative du GIP ECOFOR. Ce r\u00e9seau se veut souple, r\u00e9actif et facile d\u2019acc\u00e8s. Il a vocation \u00e0 faciliter les \u00e9changes et le montage, voire le financement de projets collaboratifs entre &hellip; <\/p>\n<p class=\"link-more\"><a href=\"http:\/\/www.gip-ecofor.org\/socioeco\/\" class=\"more-link\">Lire la suite de<span class=\"screen-reader-text\">\u00ab\u00a0Homepage\u00a0\u00bb<\/span><\/a><\/p>\n","protected":false},"author":1,"featured_media":0,"parent":0,"menu_order":0,"comment_status":"closed","ping_status":"closed","template":"page-templates\/homepage-no-hero.php","meta":{"footnotes":""},"class_list":["post-15","page","type-page","status-publish","hentry"],"_links":{"self":[{"href":"http:\/\/www.gip-ecofor.org\/socioeco\/wp-json\/wp\/v2\/pages\/15","targetHints":{"allow":["GET"]}}],"collection":[{"href":"http:\/\/www.gip-ecofor.org\/socioeco\/wp-json\/wp\/v2\/pages"}],"about":[{"href":"http:\/\/www.gip-ecofor.org\/socioeco\/wp-json\/wp\/v2\/types\/page"}],"author":[{"embeddable":true,"href":"http:\/\/www.gip-ecofor.org\/socioeco\/wp-json\/wp\/v2\/users\/1"}],"replies":[{"embeddable":true,"href":"http:\/\/www.gip-ecofor.org\/socioeco\/wp-json\/wp\/v2\/comments?post=15"}],"version-history":[{"count":13,"href":"http:\/\/www.gip-ecofor.org\/socioeco\/wp-json\/wp\/v2\/pages\/15\/revisions"}],"predecessor-version":[{"id":127,"href":"http:\/\/www.gip-ecofor.org\/socioeco\/wp-json\/wp\/v2\/pages\/15\/revisions\/127"}],"wp:attachment":[{"href":"http:\/\/www.gip-ecofor.org\/socioeco\/wp-json\/wp\/v2\/media?parent=15"}],"curies":[{"name":"wp","href":"https:\/\/api.w.org\/{rel}","templated":true}]}}