{"id":39,"date":"2025-03-11T16:21:40","date_gmt":"2025-03-11T15:21:40","guid":{"rendered":"https:\/\/socioeco:8890\/?page_id=39"},"modified":"2025-03-11T16:21:40","modified_gmt":"2025-03-11T15:21:40","slug":"nos-sources","status":"publish","type":"page","link":"http:\/\/www.gip-ecofor.org\/socioeco\/nos-sources\/","title":{"rendered":"Nos sources"},"content":{"rendered":"\n<figure class=\"wp-block-table\"><table class=\"has-fixed-layout\"><tbody><tr><td class=\"has-text-align-center\" data-align=\"center\">Sources<\/td><td class=\"has-text-align-center\" data-align=\"center\">Intitul\u00e9<\/td><td class=\"has-text-align-center\" data-align=\"center\">Pr\u00e9sentation<\/td><td class=\"has-text-align-center\" data-align=\"center\">Lien<\/td><\/tr><tr><td class=\"has-text-align-center\" data-align=\"center\">ARSS<\/td><td class=\"has-text-align-center\" data-align=\"center\">Actes de la Recherche en Sciences Sociales<\/td><td class=\"has-text-align-center\" data-align=\"center\">Fond\u00e9e en 1975 par Pierre Bourdieu et un groupe de chercheurs du centre de sociologie europ\u00e9enne, Actes de le recherche en sciences sociales rassemble la production d\u2019un vaste r\u00e9seau international de chercheurs. La revue publie les r\u00e9sultats de recherches, achev\u00e9es ou en cours, en sociologie et dans les disciplines voisines (histoire sociale, sociolinguistique, \u00e9conomie politique, etc.). Elle offre ainsi des outils intellectuels pour comprendre les ph\u00e9nom\u00e8nes sociaux du monde contemporain, dans la perspective d\u2019une sociologie critique des modes de domination.<\/td><td class=\"has-text-align-center\" data-align=\"center\"><a href=\"http:\/\/www.arss.fr\/\">Lien<\/a><\/td><\/tr><tr><td class=\"has-text-align-center\" data-align=\"center\">Calenda<\/td><td class=\"has-text-align-center\" data-align=\"center\">Calendrier des Sciences Sociales<\/td><td class=\"has-text-align-center\" data-align=\"center\">Calenda est un calendrier en sciences humaines et sociales en ligne. En libre acc\u00e8s, il informe \u00e9tudiants, enseignants et chercheurs de l&rsquo;actualit\u00e9 de la recherche. Il est aliment\u00e9 par les suggestions volontaires de ses utilisateurs.<\/td><td class=\"has-text-align-center\" data-align=\"center\"><a href=\"http:\/\/calenda.revues.org\/categorie100.html\">Lien<\/a><\/td><\/tr><tr><td class=\"has-text-align-center\" data-align=\"center\">Effets de Ser<\/td><td class=\"has-text-align-center\" data-align=\"center\">Sociologie de l&rsquo;environnement et du risque, RT 38<\/td><td class=\"has-text-align-center\" data-align=\"center\">Effet de SER est un r\u00e9seau th\u00e9matique sociologique de l&rsquo;environnement et des risques de l&rsquo;Association fran\u00e7aise de sociologie.<\/td><td class=\"has-text-align-center\" data-align=\"center\"><a href=\"http:\/\/effetdeser.hypotheses.org\/\">Lien<\/a><\/td><\/tr><tr><td class=\"has-text-align-center\" data-align=\"center\">EFI<\/td><td class=\"has-text-align-center\" data-align=\"center\">European Forest Institute<\/td><td class=\"has-text-align-center\" data-align=\"center\">We are an international organisation, established by European States. [&#8230;] We conduct research and provide policy advice on issues related to forests.We facilitate and stimulate forest-related networking and promote the dissemination of unbiased and policy-relevant information on forests and forestry. We also advocate for forest research and for the use of scientifically sound information as a basis for forest policies. These activities are conducted by our HQ and Regional Offices. Our work in the field of policy support includes enhanced support for decision takers and policy makers. We host the EU FLEGT Facility which supports the EU Forest Law Enforcement Governance and Trade (FLEGT) process in developing countries, related to the implementation of the EU FLEGT Action Plan.<\/td><td class=\"has-text-align-center\" data-align=\"center\"><a href=\"http:\/\/www.efi.int\/portal\/\">Lien<\/a><\/td><\/tr><tr><td class=\"has-text-align-center\" data-align=\"center\">FMSH<\/td><td class=\"has-text-align-center\" data-align=\"center\">Fondation Maison des Sciences de l&rsquo;Homme<\/td><td class=\"has-text-align-center\" data-align=\"center\">La\u00a0 Fondation Maison des sciences de l\u2019homme est un \u00e9tablissement d\u2019utilit\u00e9 publique, personne morale de droit priv\u00e9, ayant pour but, selon le d\u00e9cret du 4 janvier 1963 modifi\u00e9 : \u00ab la promotion de l\u2019\u00e9tude des soci\u00e9t\u00e9s humaines consid\u00e9r\u00e9es avant tout dans leurs r\u00e9alit\u00e9s actuelles et \u00e0 partir d\u2019elles \u00bb.<\/td><td class=\"has-text-align-center\" data-align=\"center\"><a href=\"http:\/\/www.msh-paris.fr\/\">Lien<\/a><\/td><\/tr><tr><td class=\"has-text-align-center\" data-align=\"center\">GIS Participation et D\u00e9mocratie<\/td><td class=\"has-text-align-center\" data-align=\"center\">Groupement d&rsquo;Int\u00e9r\u00eat Scientifique : Participation du public, d\u00e9cision, d\u00e9mocratie participative<\/td><td class=\"has-text-align-center\" data-align=\"center\">Le groupement, pr\u00e9sid\u00e9 par le CNRS, a pour objet de d\u00e9velopper la recherche sur la participation du public aux processus d\u00e9cisionnels et la d\u00e9mocratie participative, en permettant notamment la coordination, l\u2019\u00e9change et la mutualisation des travaux que chacun des Partenaires et laboratoires associ\u00e9s entreprend.<\/td><td class=\"has-text-align-center\" data-align=\"center\"><a href=\"http:\/\/www.participation-et-democratie.fr\/fr\/tracker\/actus\">Lien<\/a><\/td><\/tr><tr><td class=\"has-text-align-center\" data-align=\"center\">La Tribune<\/td><td class=\"has-text-align-center\" data-align=\"center\"><\/td><td class=\"has-text-align-center\" data-align=\"center\">Journal National. Int\u00e9r\u00eat des actualit\u00e9s publi\u00e9es dans la rubrique sur l&rsquo;\u00e9nergie-environnement.<\/td><td class=\"has-text-align-center\" data-align=\"center\"><a href=\"http:\/\/www.latribune.fr\/entreprises-finance\/industrie\/energie-environnement\/l-actualite-energie-environnement.html\">Lien<\/a><\/td><\/tr><tr><td class=\"has-text-align-center\" data-align=\"center\">Les Echos<\/td><td class=\"has-text-align-center\" data-align=\"center\"><\/td><td class=\"has-text-align-center\" data-align=\"center\">Journal National. Int\u00e9r\u00eat des actualit\u00e9s publi\u00e9es dans la rubrique secteur \u00e9nergie-environnement.<\/td><td class=\"has-text-align-center\" data-align=\"center\"><a href=\"http:\/\/www.lesechos.fr\/entreprises-secteurs\/energie-environnement\/index.php\">Lien<\/a><\/td><\/tr><tr><td class=\"has-text-align-center\" data-align=\"center\">OCDE<\/td><td class=\"has-text-align-center\" data-align=\"center\">Organisation de Coop\u00e9ration et de D\u00e9veloppement \u00c9conomiques<\/td><td class=\"has-text-align-center\" data-align=\"center\">La mission de l&rsquo;Organisation de Coop\u00e9ration et de D\u00e9veloppement \u00c9conomiques est de promouvoir les politiques qui am\u00e9lioreront le bien-\u00eatre \u00e9conomique et social partout dans le monde. (Actualit\u00e9s D\u00e9veloppement Durable)<\/td><td class=\"has-text-align-center\" data-align=\"center\"><a href=\"http:\/\/www.oecd.org\/topic\/0,3699,fr_2649_37425_1_1_1_1_37425,00.html?rssChId=37425\">Lien<\/a><\/td><\/tr><tr><td class=\"has-text-align-center\" data-align=\"center\">Oxford Journals<\/td><td class=\"has-text-align-center\" data-align=\"center\"><\/td><td class=\"has-text-align-center\" data-align=\"center\">Oxford Journals is a division of Oxford University Press, which is a department of Oxford University. We publish well over 230 academic and research journals covering a broad range of subject areas, two-thirds of which are published in collaboration with learned societies and other international organizations.<\/td><td class=\"has-text-align-center\" data-align=\"center\"><a href=\"https:\/\/academic.oup.com\/pages\/media-enquiries?login=false\">Lien<\/a><\/td><\/tr><tr><td class=\"has-text-align-center\" data-align=\"center\">PEFC<\/td><td class=\"has-text-align-center\" data-align=\"center\">Programme de reconnaissance des certifications foresti\u00e8res<\/td><td class=\"has-text-align-center\" data-align=\"center\">PEFC France compte parmi ses adh\u00e9rents 45 000 propri\u00e9taires forestiers et pr\u00e8s de 2 500 entreprises de la fili\u00e8re for\u00eat-bois (exploitants, scieries, transformateurs, constructeurs, n\u00e9gociants, artisans, distributeurs, papetiers, imprimeurs, \u00e9diteurs\u2026). Ensemble ils apportent au consommateur la garantie qu\u2019un produit portant la marque PEFC s\u2019inscrit dans une d\u00e9marche de gestion durable de la for\u00eat. La certification PEFC est le r\u00e9sultat d\u2019un processus de concertation entre tous les acteurs de la soci\u00e9t\u00e9 civile concern\u00e9s par la gestion durable de la for\u00eat : producteurs, transformateurs et usagers. PEFC Council, bas\u00e9 \u00e0 Gen\u00e8ve, est l\u2019organisation incarnant le programme PEFC au niveau international. Pr\u00e9sent dans 35 pays, PEFC est la premi\u00e8re source de bois certifi\u00e9 en France et dans le monde.<\/td><td class=\"has-text-align-center\" data-align=\"center\"><a href=\"http:\/\/www.pefc-france.org\/\">Lien<\/a><\/td><\/tr><tr><td class=\"has-text-align-center\" data-align=\"center\">Pers\u00e9e<\/td><td class=\"has-text-align-center\" data-align=\"center\"><\/td><td class=\"has-text-align-center\" data-align=\"center\">Portail de revues en sciences humaines et sociales, Pers\u00e9e est une base de donn\u00e9es de num\u00e9risation r\u00e9trospective de revues fran\u00e7aises en sciences humaines et sociales.<\/td><td class=\"has-text-align-center\" data-align=\"center\"><a href=\"http:\/\/www.persee.fr\/web\/revues\/home\">Lien<\/a><\/td><\/tr><tr><td class=\"has-text-align-center\" data-align=\"center\">Revue des Sciences Sociales<\/td><td class=\"has-text-align-center\" data-align=\"center\"><\/td><td class=\"has-text-align-center\" data-align=\"center\">Revue publi\u00e9e par la Facult\u00e9 des Sciences Sociales de l&rsquo;Universit\u00e9 de Strasbourg et le Laboratoire UdS\/CNRS : Cultures et Soci\u00e9t\u00e9s en Europe.<\/td><td class=\"has-text-align-center\" data-align=\"center\"><a href=\"http:\/\/www.revue-des-sciences-sociales.com\/\">Lien<\/a><\/td><\/tr><tr><td class=\"has-text-align-center\" data-align=\"center\">OpenEdition Journals<\/td><td class=\"has-text-align-center\" data-align=\"center\"><\/td><td class=\"has-text-align-center\" data-align=\"center\"><\/td><td class=\"has-text-align-center\" data-align=\"center\"><a href=\"http:\/\/www.revues.org\/\">Lien<\/a><\/td><\/tr><tr><td class=\"has-text-align-center\" data-align=\"center\">Social Science Journal<\/td><td class=\"has-text-align-center\" data-align=\"center\"><\/td><td class=\"has-text-align-center\" data-align=\"center\"><\/td><td class=\"has-text-align-center\" data-align=\"center\"><a href=\"https:\/\/journals.sagepub.com\/home\/ssi\">Lien<\/a><\/td><\/tr><tr><td class=\"has-text-align-center\" data-align=\"center\">Vertigo<\/td><td class=\"has-text-align-center\" data-align=\"center\"><\/td><td class=\"has-text-align-center\" data-align=\"center\"><\/td><td class=\"has-text-align-center\" data-align=\"center\"><a href=\"https:\/\/journals.openedition.org\/vertigo\/2034\">Lien<\/a><\/td><\/tr><tr><td class=\"has-text-align-center\" data-align=\"center\">Web of Science<\/td><td class=\"has-text-align-center\" data-align=\"center\"><\/td><td class=\"has-text-align-center\" data-align=\"center\"><\/td><td class=\"has-text-align-center\" data-align=\"center\"><a href=\"https:\/\/access.clarivate.com\/login?app=wos&amp;alternative=true&amp;shibShireURL=https:%2F%2Fwww.webofknowledge.com%2F%3Fauth%3DShibboleth&amp;shibReturnURL=https:%2F%2Fwww.webofknowledge.com%2F&amp;roaming=true\">Lien<\/a><\/td><\/tr><\/tbody><\/table><\/figure>\n\n\n\n<p><\/p>\n","protected":false},"excerpt":{"rendered":"<p>Sources Intitul\u00e9 Pr\u00e9sentation Lien ARSS Actes de la Recherche en Sciences Sociales Fond\u00e9e en 1975 par Pierre Bourdieu et un groupe de chercheurs du centre de sociologie europ\u00e9enne, Actes de le recherche en sciences sociales rassemble la production d\u2019un vaste r\u00e9seau international de chercheurs. La revue publie les r\u00e9sultats de recherches, achev\u00e9es ou en cours, &hellip; <\/p>\n<p class=\"link-more\"><a href=\"http:\/\/www.gip-ecofor.org\/socioeco\/nos-sources\/\" class=\"more-link\">Lire la suite de<span class=\"screen-reader-text\">\u00ab\u00a0Nos sources\u00a0\u00bb<\/span><\/a><\/p>\n","protected":false},"author":1,"featured_media":0,"parent":0,"menu_order":0,"comment_status":"closed","ping_status":"closed","template":"","meta":{"footnotes":""},"class_list":["post-39","page","type-page","status-publish","hentry"],"_links":{"self":[{"href":"http:\/\/www.gip-ecofor.org\/socioeco\/wp-json\/wp\/v2\/pages\/39","targetHints":{"allow":["GET"]}}],"collection":[{"href":"http:\/\/www.gip-ecofor.org\/socioeco\/wp-json\/wp\/v2\/pages"}],"about":[{"href":"http:\/\/www.gip-ecofor.org\/socioeco\/wp-json\/wp\/v2\/types\/page"}],"author":[{"embeddable":true,"href":"http:\/\/www.gip-ecofor.org\/socioeco\/wp-json\/wp\/v2\/users\/1"}],"replies":[{"embeddable":true,"href":"http:\/\/www.gip-ecofor.org\/socioeco\/wp-json\/wp\/v2\/comments?post=39"}],"version-history":[{"count":3,"href":"http:\/\/www.gip-ecofor.org\/socioeco\/wp-json\/wp\/v2\/pages\/39\/revisions"}],"predecessor-version":[{"id":42,"href":"http:\/\/www.gip-ecofor.org\/socioeco\/wp-json\/wp\/v2\/pages\/39\/revisions\/42"}],"wp:attachment":[{"href":"http:\/\/www.gip-ecofor.org\/socioeco\/wp-json\/wp\/v2\/media?parent=39"}],"curies":[{"name":"wp","href":"https:\/\/api.w.org\/{rel}","templated":true}]}}